799 a multiple of 81?
False
Is 2061941952 a multiple of 21?
True
Is 9322448 a multiple of 4?
True
Is 42301312 a multiple of 8?
True
Is 259141768 a multiple of 105?
False
Is 19 a factor of 54894537?
False
Does 84 divide 58559760?
True
Does 536 divide 248777399?
False
Is 34 a factor of 203217048?
True
Is 24625790 a multiple of 14?
True
Does 69 divide 7230096?
True
Is 18109072 a multiple of 154?
False
Does 1044 divide 41453064?
True
Is 5768356743 a multiple of 303?
True
Is 51477322 a multiple of 34?
False
Is 34 a factor of 693319719?
False
Is 17540831 a multiple of 171?
False
Is 25595467 a multiple of 193?
True
Does 2755 divide 186217496?
False
Is 31 a factor of 1351122476?
True
Does 185 divide 1047821130?
True
Does 42 divide 19414350?
False
Is 23626964 a multiple of 6?
False
Is 749 a factor of 8243494?
True
Is 937810962 a multiple of 11?
True
Is 15 a factor of 462936705?
True
Does 8 divide 26733032?
True
Does 1285 divide 1416918100?
True
Is 84346550 a multiple of 1999?
False
Does 3486 divide 519968274?
True
Is 24 a factor of 22624996?
False
Is 99362340 a multiple of 420?
True
Is 655016180 a multiple of 2627?
True
Is 3 a factor of 600973107?
True
Is 37996174 a multiple of 15?
False
Is 104 a factor of 617398184?
True
Is 302504529 a multiple of 1077?
True
Does 1087 divide 4870458980?
False
Is 10044204 a multiple of 12?
True
Is 32 a factor of 169759360?
True
Is 71683178 a multiple of 369?
False
Does 2296 divide 116252678?
False
Is 87768607 even?
False
Is 51 a factor of 23211356?
False
Does 37 divide 9897261?
False
Is 200893924 a multiple of 7?
True
Is 1737372 a multiple of 516?
True
Does 4 divide 948225379?
False
Is 36 a factor of 31531428?
True
Is 161 a factor of 156767954?
True
Is 34 a factor of 80138361?
False
Does 9 divide 8249741?
False
Is 27531 a multiple of 161?
True
Is 3378732 a multiple of 105?
False
Is 445285470 a multiple of 13?
False
Does 6 divide 396069714?
True
Does 359 divide 39499334?
True
Is 55039740 a multiple of 490?
True
Is 1286802733 a multiple of 234?
False
Is 175636218 a multiple of 13?
False
Is 29306842 a multiple of 1227?
False
Does 1412 divide 108561620?
True
Is 312 a factor of 585832681?
False
Does 16 divide 650847409?
False
Does 22 divide 308178090?
True
Is 1325244707 a multiple of 683?
True
Does 5 divide 72310797?
False
Is 8 a factor of 282576930?
False
Does 68 divide 10353686?
False
Does 890 divide 14242670?
True
Is 11537 a factor of 2963970670?
True
Is 333450665 a multiple of 133?
False
Is 278276745 a multiple of 10?
False
Does 35 divide 35191263?
False
Does 354 divide 400829972?
False
Is 4 a factor of 3086122?
False
Does 2132 divide 29358666?
False
Is 43057300 a multiple of 325?
True
Is 3621360 a multiple of 12?
True
Does 10 divide 75550930?
True
Is 1897 a factor of 478872989?
True
Is 10007049 a multiple of 289?
False
Does 33 divide 44077095?
False
Does 39 divide 50642499?
False
Is 1504675749 a multiple of 1890?
False
Does 131 divide 38268023?
False
Is 15315196 a multiple of 581?
False
Is 756481315 a multiple of 124?
False
Is 21225360 a multiple of 48?
True
Is 18583760 a multiple of 1670?
True
Does 366 divide 147792420?
False
Is 167 a factor of 49510161?
False
Is 6 a factor of 225372694?
False
Is 116988924 a multiple of 1898?
True
Does 3153 divide 957723750?
True
Is 26 a factor of 1979718?
True
Is 1727766 a multiple of 5?
False
Is 152569044 a multiple of 436?
True
Is 73927285 a multiple of 220?
False
Is 5195 a factor of 1275325745?
True
Does 1834 divide 8562341?
False
Is 12 a factor of 70655532?
True
Is 14 a factor of 6843777?
False
Is 58718333 a multiple of 1287?
False
Is 478024140 a multiple of 5?
True
Is 1200085309 a multiple of 1794?
False
Is 393580692 a multiple of 3219?
True
Does 7 divide 45037302?
False
Is 12894099 a multiple of 40?
False
Is 470 a factor of 1481440?
True
Is 1101 a factor of 1613050656?
False
Is 85215125 a multiple of 125?
True
Does 36 divide 17262292?
False
Is 12 a factor of 460678382?
False
Is 3896 a factor of 266571173?
False
Does 587 divide 26662830?
False
Is 233583124 a multiple of 6150?
False
Is 2264 a factor of 30170064?
True
Is 73236260 a multiple of 141?
False
Is 3604 a factor of 5618636?
True
Is 894287448 a multiple of 872?
True
Is 38014328 a multiple of 8?
True
Does 51 divide 304511550?
False
Is 10 a factor of 1618285490?
True
Is 245923775 a multiple of 25?
True
Is 651244681 a multiple of 61?
False
Is 46372549 a multiple of 69?
False
Does 39 divide 671751312?
False
Is 430440560 a multiple of 16?
True
Does 117 divide 363676482?
True
Is 428 a factor of 17568575?
False
Is 34 a factor of 6206808460?
True
Is 1417 a factor of 51087101?
True
Is 4 a factor of 71876250?
False
Does 125 divide 812925625?
True
Is 62 a factor of 5369554?
False
Does 44 divide 25369032?
False
Does 21 divide 632457?
True
Is 14560460 a multiple of 3?
False
Is 66232333 a multiple of 107?
False
Is 8 a factor of 8238884?
False
Is 78152550 a multiple of 1519?
True
Does 67 divide 3555524429?
False
Does 38 divide 7954730?
True
Is 2569138 a multiple of 3?
False
Is 8 a factor of 265998686?
False
Is 3061401 a multiple of 774?
False
Is 129 a factor of 237636576?
True
Is 66973650 a multiple of 75?
True
Is 27686930 a multiple of 15?
False
Is 105268725 a multiple of 335?
True
Does 3 divide 214620284?
False
Does 13 divide 1014037076?
True
Is 253669107 a multiple of 546?
False
Is 387 a factor of 239324283?
True
Does 896 divide 9990400?
True
Does 16 divide 607827952?
True
Is 192 a factor of 17990400?
True
Is 361 a factor of 22101142?
True
Does 440 divide 54615410?
False
Does 29 divide 20772674?
False
Does 63 divide 59246462?
False
Does 35 divide 448757267?
False
Is 69350681 a multiple of 582?
False
Does 26 divide 53521702?
True
Does 3477 divide 1189487845?
False
Is 479 a factor of 128501162?
False
Is 184392246 a multiple of 6?
True
Is 38179489 a multiple of 81?
False
Does 20 divide 9190686?
False
Is 32505857 a multiple of 94?
False
Is 752610975 a multiple of 15?
True
Is 7 a factor of 417542790?
True
Does 2 divide 3217331?
False
Does 50 divide 292464750?
True
Does 142 divide 284107609?
False
Does 3 divide 17364106?
False
Is 35 a factor of 1228040?
False
Is 6795 a factor of 1091446875?
True
Is 25671800 a multiple of 25?
True
Does 470 divide 479496661?
False
Does 647 divide 40473208?
False
Does 2565 divide 66015405?
True
Is 344 a factor of 1573719439?
False
Is 2501492 a multiple of 1148?
True
Is 1362 a factor of 377437161?
False
Is 10 a factor of 382515560?
True
Does 19 divide 45006744?
True
Is 12 a factor of 264021002?
False
Does 260 divide 1430290691?
False
Is 52 a factor of 4856514?
False
Is 36 a factor of 37663354?
False
Is 177360146 a multiple of 8?
False
Is 106534959 a multiple of 4245?
False
Does 510 divide 24749280?
True
Is 174568800 a multiple of 350?
True
Is 214961450 a multiple of 2511?
False
Is 118 a factor of 342650231?
False
Is 873 a factor of 430813278?
True
Is 250615674 a multiple of 2951?
False
Is 760 a factor of 816066615?
False
Does 102 divide 1727983357?
False
Does 117 divide 16074630?
True
Is 16 a factor of 49780988?
False
Does 387 divide 804102?
False
Is 2110 a factor of 52836510?
True
Is 81386898 a multiple of 2222?
False
Is 172 a factor of 1021852?
True
Does 9940 divide 2217852560?
True
Is 834156917 a multiple of 1308?
False
Is 505086049 a multiple of 5?
False
Is 14 a factor of 329597798?
False
Does 21 divide 8311674?
True
Is 45452715 a multiple of 319?
True
Does 36 divide 1875489?
False
Does 8 divide 1171282108?
False
Is 21714083 a multiple of 2503?
False
Does 325 divide 5833251?
False
Does 121 divide 325895592?
True
Does 57 divide 1825210141?
False
Is 14 a factor of 764814470?
True
Does 59 divide 1730437893?
False
Does 36 divide 23025528?
True
Does 19 divide 115882045?
True
Is 470 a factor of 10385921?
False
Does 4 divide 62941424?
True
Is 205 a factor of 192645470?
True
Is 506440126 a multiple of 16?
False
Does 52 divide 2681731468?
True
Does 650 divide 200291162?
False
Does 55 divide 24482645?
True
Is 701 a factor of 592175635?
False
Is 7647948 a multiple of 126?
True
Does 998 divide 119090891?
False
Does 6 divide 208722767?
False
Is 506623837 a multiple of 340?
False
Is 173 a factor of 13102352?
False
Is 163 a factor of 8194499?
True
Does 105 divide 6386958?
False
Is 667510592 a multiple of 147?
False
D